{"id":616,"date":"2025-02-01T06:49:41","date_gmt":"2025-02-01T06:49:41","guid":{"rendered":"https:\/\/www.pnv-gn.org\/?page_id=616"},"modified":"2025-02-06T13:40:38","modified_gmt":"2025-02-06T13:40:38","slug":"cart","status":"publish","type":"page","link":"https:\/\/www.pnv-gn.org\/?page_id=616","title":{"rendered":"La Convention"},"content":{"rendered":"\n<h1 class=\"wp-block-heading\">La Convention<\/h1>\n\n\n\n<p>La Convention est compos\u00e9e:<\/p>\n\n\n\n<ul class=\"wp-block-list\">\n<li>Du Secr\u00e9tariat G\u00e9n\u00e9ral ;<\/li>\n\n\n\n<li>Du Comit\u00e9 Central ;<\/li>\n\n\n\n<li>Du Comit\u00e9 de Contr\u00f4le ;<\/li>\n\n\n\n<li>Des Secr\u00e9taires G\u00e9n\u00e9raux de F\u00e9d\u00e9rations et leurs adjoints ;<\/li>\n\n\n\n<li>Des Coordinateurs pr\u00e9fectoraux et sous pr\u00e9fectoraux;<\/li>\n\n\n\n<li>Du Responsable national de chaque Structure Sp\u00e9cialis\u00e9e ;<\/li>\n\n\n\n<li>Des Repr\u00e9sentants du Parti \u00e0 l\u2019\u00e9tranger.<\/li>\n<\/ul>\n\n\n\n<p>La Convention se r\u00e9unit une fois entre deux (2) Congr\u00e8s en Session Ordinaire sur convocation du Secr\u00e9tariat G\u00e9n\u00e9ral.<\/p>\n\n\n\n<p>Elle peut se r\u00e9unir en Session Extraordinaire \u00e0 l\u2019initiative du Secr\u00e9tariat G\u00e9n\u00e9ral, du Comit\u00e9 Central ou des deux tiers (2\/3) des Assembl\u00e9es F\u00e9d\u00e9rales.<\/p>\n\n\n\n<p>Le Comit\u00e9 Central peut, \u00e0 la demande du Comit\u00e9 de Contr\u00f4le, convoquer une Convention Extraordinaire.<\/p>\n\n\n\n<p>Elle est pr\u00e9sid\u00e9e par un Bureau de S\u00e9ance choisi par le Comit\u00e9 Central.<\/p>\n\n\n\n<p>La Convention est comp\u00e9tente pour conna\u00eetre tous les probl\u00e8mes du Parti entre deux (2) Congr\u00e8s \u00e0 l\u2019exception de ceux relevant exclusivement du Congr\u00e8s.<\/p>\n\n\n\n<p><\/p>\n\n\n\n<p><\/p>\n","protected":false},"excerpt":{"rendered":"<p>La Convention La Convention est compos\u00e9e: La Convention se r\u00e9unit une fois entre deux (2) Congr\u00e8s en Session Ordinaire sur convocation du Secr\u00e9tariat G\u00e9n\u00e9ral. Elle peut se r\u00e9unir en Session Extraordinaire \u00e0 l\u2019initiative du Secr\u00e9tariat G\u00e9n\u00e9ral, du Comit\u00e9 Central ou des deux tiers (2\/3) des Assembl\u00e9es F\u00e9d\u00e9rales. Le Comit\u00e9 Central peut, \u00e0 la demande du&#8230;<\/p>\n<p class=\"more-link-wrap\"><a href=\"https:\/\/www.pnv-gn.org\/?page_id=616\" class=\"more-link\">Lire la suite<span class=\"screen-reader-text\"> &ldquo;La Convention&rdquo;<\/span> &raquo;<\/a><\/p>\n","protected":false},"author":1,"featured_media":0,"parent":0,"menu_order":0,"comment_status":"closed","ping_status":"closed","template":"","meta":{"_regular_price":[],"currency_symbol":[],"footnotes":""},"class_list":["post-616","page","type-page","status-publish","hentry"],"post_slider_layout_featured_media_urls":{"thumbnail":"","post_slider_layout_landscape_large":"","post_slider_layout_portrait_large":"","post_slider_layout_square_large":"","post_slider_layout_landscape":"","post_slider_layout_portrait":"","post_slider_layout_square":"","full":""},"_links":{"self":[{"href":"https:\/\/www.pnv-gn.org\/index.php?rest_route=\/wp\/v2\/pages\/616","targetHints":{"allow":["GET"]}}],"collection":[{"href":"https:\/\/www.pnv-gn.org\/index.php?rest_route=\/wp\/v2\/pages"}],"about":[{"href":"https:\/\/www.pnv-gn.org\/index.php?rest_route=\/wp\/v2\/types\/page"}],"author":[{"embeddable":true,"href":"https:\/\/www.pnv-gn.org\/index.php?rest_route=\/wp\/v2\/users\/1"}],"replies":[{"embeddable":true,"href":"https:\/\/www.pnv-gn.org\/index.php?rest_route=%2Fwp%2Fv2%2Fcomments&post=616"}],"version-history":[{"count":2,"href":"https:\/\/www.pnv-gn.org\/index.php?rest_route=\/wp\/v2\/pages\/616\/revisions"}],"predecessor-version":[{"id":812,"href":"https:\/\/www.pnv-gn.org\/index.php?rest_route=\/wp\/v2\/pages\/616\/revisions\/812"}],"wp:attachment":[{"href":"https:\/\/www.pnv-gn.org\/index.php?rest_route=%2Fwp%2Fv2%2Fmedia&parent=616"}],"curies":[{"name":"wp","href":"https:\/\/api.w.org\/{rel}","templated":true}]}}