{"id":40,"date":"2023-07-04T22:38:13","date_gmt":"2023-07-04T22:38:13","guid":{"rendered":"http:\/\/nouveauge-ci.net\/?page_id=40"},"modified":"2025-02-06T13:54:46","modified_gmt":"2025-02-06T13:54:46","slug":"afrique","status":"publish","type":"page","link":"https:\/\/www.pnv-gn.org\/?page_id=40","title":{"rendered":"Les Structures"},"content":{"rendered":"\n<div class=\"wp-block-columns are-vertically-aligned-center is-layout-flex wp-container-core-columns-is-layout-9d6595d7 wp-block-columns-is-layout-flex\">\n<div class=\"wp-block-column is-vertically-aligned-center is-layout-flow wp-block-column-is-layout-flow\" style=\"flex-basis:100%\"><\/div>\n<\/div>\n\n\n\n<p>LES STRUCTURES SPECIALISEES<br><br>Les Structures Sp\u00e9cialis\u00e9es r\u00e9unissent des adh\u00e9rents du Parti, pour l\u2019action militante dans une cat\u00e9gorie sociale donn\u00e9e.<\/p>\n\n\n\n<p><br><strong>I-Le bureau National des Femmes<\/strong><br>Le bureau national des femmes est l&rsquo;organe dirigeant des femmes du Parti. Ses membres sont \u00e9lus par le congr\u00e8s national des femmes du Parti qui se r\u00e9unit une fois tous les cinq ans.<br>Le bureau national des femmes est charg\u00e9 de proposer au Parti un programme pour la prise en compte du Genre et d&rsquo;assurer sa mise en \u0153uvre et son suivi. Il est compos\u00e9 :<\/p>\n\n\n\n<p>D\u2019une Pr\u00e9sidente D\u2019une Vice-Pr\u00e9sidente<br>D\u2019une Tr\u00e9sori\u00e8re<br>D\u2019une Charg\u00e9e aux affaires sociales<br>D\u2019une secr\u00e9taire nationale<\/p>\n\n\n\n<p><strong>II-: Le Bureau National des Jeunes<\/strong><br>Le bureau national des jeunes est l&rsquo;organe de direction des jeunes du Parti. Ses membres sont \u00e9lus par le congr\u00e8s national des jeunes du Parti qui se r\u00e9unit une fois tous les cinq ans.<br>Le bureau national des jeunes est charg\u00e9 de proposer au Parti un programme en mati\u00e8re de jeunesse et d&rsquo;assurer sa mise en \u0153uvre et son suivi. Il est compos\u00e9 :<br>D\u2019un Pr\u00e9sident D\u2019un Vice-Pr\u00e9sident D\u2019un Tr\u00e9sorier<br>D\u2019un Charg\u00e9 aux affaires sociales<br>D\u2019un secr\u00e9taire nationale \u00e0 la jeunesse<\/p>\n\n\n\n<p><strong>III-Le Bureau National des Sages<\/strong><br>D\u2019un Pr\u00e9sident<br>D\u2019un Vice-Pr\u00e9sident<br>D\u2019un Tr\u00e9sorier<br>D\u2019un Charg\u00e9 aux affaires sociales<br>D&rsquo;un Secretaire National<\/p>\n\n\n\n<p><br>Les dispositions du r\u00e8glement int\u00e9rieur doit s\u2019accorder avec les Statuts du Parti.<\/p>\n","protected":false},"excerpt":{"rendered":"<p>LES STRUCTURES SPECIALISEES Les Structures Sp\u00e9cialis\u00e9es r\u00e9unissent des adh\u00e9rents du Parti, pour l\u2019action militante dans une cat\u00e9gorie sociale donn\u00e9e. I-Le bureau National des FemmesLe bureau national des femmes est l&rsquo;organe dirigeant des femmes du Parti. Ses membres sont \u00e9lus par le congr\u00e8s national des femmes du Parti qui se r\u00e9unit une fois tous les cinq&#8230;<\/p>\n<p class=\"more-link-wrap\"><a href=\"https:\/\/www.pnv-gn.org\/?page_id=40\" class=\"more-link\">Lire la suite<span class=\"screen-reader-text\"> &ldquo;Les Structures&rdquo;<\/span> &raquo;<\/a><\/p>\n","protected":false},"author":1,"featured_media":0,"parent":0,"menu_order":0,"comment_status":"closed","ping_status":"closed","template":"","meta":{"_regular_price":[],"currency_symbol":[],"footnotes":""},"class_list":["post-40","page","type-page","status-publish","hentry"],"post_slider_layout_featured_media_urls":{"thumbnail":"","post_slider_layout_landscape_large":"","post_slider_layout_portrait_large":"","post_slider_layout_square_large":"","post_slider_layout_landscape":"","post_slider_layout_portrait":"","post_slider_layout_square":"","full":""},"_links":{"self":[{"href":"https:\/\/www.pnv-gn.org\/index.php?rest_route=\/wp\/v2\/pages\/40","targetHints":{"allow":["GET"]}}],"collection":[{"href":"https:\/\/www.pnv-gn.org\/index.php?rest_route=\/wp\/v2\/pages"}],"about":[{"href":"https:\/\/www.pnv-gn.org\/index.php?rest_route=\/wp\/v2\/types\/page"}],"author":[{"embeddable":true,"href":"https:\/\/www.pnv-gn.org\/index.php?rest_route=\/wp\/v2\/users\/1"}],"replies":[{"embeddable":true,"href":"https:\/\/www.pnv-gn.org\/index.php?rest_route=%2Fwp%2Fv2%2Fcomments&post=40"}],"version-history":[{"count":3,"href":"https:\/\/www.pnv-gn.org\/index.php?rest_route=\/wp\/v2\/pages\/40\/revisions"}],"predecessor-version":[{"id":815,"href":"https:\/\/www.pnv-gn.org\/index.php?rest_route=\/wp\/v2\/pages\/40\/revisions\/815"}],"wp:attachment":[{"href":"https:\/\/www.pnv-gn.org\/index.php?rest_route=%2Fwp%2Fv2%2Fmedia&parent=40"}],"curies":[{"name":"wp","href":"https:\/\/api.w.org\/{rel}","templated":true}]}}